{"id":3689,"date":"2024-01-16T23:57:52","date_gmt":"2024-01-16T23:57:52","guid":{"rendered":"https:\/\/stecla.com.br\/?post_type=projeto&#038;p=3689"},"modified":"2024-01-31T11:34:50","modified_gmt":"2024-01-31T11:34:50","slug":"refeitorio","status":"publish","type":"projeto","link":"https:\/\/stecla.com.br\/es\/projeto\/refeitorio\/","title":{"rendered":"Comedor"},"content":{"rendered":"<p>Modificaciones en el \u00e1rea del bufete para agregar una rampa; Reconfiguraci\u00f3n del \u00e1rea de Lavado; Cambios en la Carpeta, Fel\u00edz y Cafeter\u00eda; Mantenimiento general de instalaciones; Compra e instalaci\u00f3n de nuevas calderas; Actualizaci\u00f3n de los cuadros y circuitos el\u00e9ctricos en la edificaci\u00f3n.<\/p>","protected":false},"featured_media":3690,"template":"","class_list":["post-3689","projeto","type-projeto","status-publish","has-post-thumbnail","hentry"],"_links":{"self":[{"href":"https:\/\/stecla.com.br\/es\/wp-json\/wp\/v2\/projeto\/3689","targetHints":{"allow":["GET"]}}],"collection":[{"href":"https:\/\/stecla.com.br\/es\/wp-json\/wp\/v2\/projeto"}],"about":[{"href":"https:\/\/stecla.com.br\/es\/wp-json\/wp\/v2\/types\/projeto"}],"wp:featuredmedia":[{"embeddable":true,"href":"https:\/\/stecla.com.br\/es\/wp-json\/wp\/v2\/media\/3690"}],"wp:attachment":[{"href":"https:\/\/stecla.com.br\/es\/wp-json\/wp\/v2\/media?parent=3689"}],"curies":[{"name":"wp","href":"https:\/\/api.w.org\/{rel}","templated":true}]}}

<p>Modificaciones en el área del bufete para agregar una rampa; Reconfiguración del área de Lavado; Cambios en la Carpeta, Felíz y Cafetería; Mantenimiento general de instalaciones; Compra e instalación de nuevas calderas; Actualización de los cuadros y circuitos eléctricos en la edificación.</p>
